 -2*h = h - x. Is h a composite number?
True
Let u be (-6 + 3 + 11)*3/(-6). Let c(p) = 147*p**2 + 8*p + 7. Is c(u) a prime number?
False
Let g(z) = -24*z - 8*z + 13*z - 47. Is g(-22) prime?
False
Suppose 6*k = 3462 + 9756. Is k a prime number?
True
Suppose z + 10 = 3*z. Let t(m) = 28*m**2 - 2*m + 11. Is t(z) prime?
True
Let l(i) be the second derivative of -i**5/20 + i**4/2 - 2*i**3/3 - i**2/2 - 4*i. Let g be l(5). Suppose -3 = d - 2, t - g*d = 93. Is t a composite number?
False
Let k be (-1 - 7)/((-8)/20). Suppose 2*y = 7*z - 2*z + 80, -4*y = -k. Is (-26)/(-91) - 934/z a composite number?
False
Let r(t) = t**3 + 3*t**2 - 2*t + 10487. Is r(0) a prime number?
True
Suppose 2*u = -2*q - 2708, 2*q - 5*u + 2185 = -537. Let l = q - -1942. Suppose 4*y - l = 1954. Is y a composite number?
True
Suppose -z = x - 2582, -3364 = -2*z + 5*x + 1779. Is z composite?
False
Let z(o) = o**3 - 4*o**2 - 4*o - 1. Is z(8) composite?
False
Suppose m - 363 + 85 = 0. Suppose m - 911 = -i. Is i composite?
True
Let g(u) = 2949*u - 22. Is g(1) prime?
True
Let o = 14303 - 6522. Is o composite?
True
Let y = -68798 - -97575. Is y a composite number?
True
Suppose 4*u - 5*u + 24321 = n, -5*u - 2*n + 121593 = 0. Is u a prime number?
True
Let j be 28/210 + (-2143)/(-15). Suppose -5*p = 4 - 14. Is p/(-11) + 21333/j a prime number?
True
Suppose 6*a = 31 + 41. Let v(x) = 184*x - 55. Is v(a) a composite number?
False
Let s be (0 - 1)*(-5 - 2149). Is (s - -3)*(-1)/(-3) a composite number?
False
Let z(q) = 48*q + 2 - 150*q - 134*q - 3. Let g be z(3). Let l = g - -1356. Is l composite?
False
Suppose 2*j - 3481 = d - 12979, -d - 19008 = 4*j. Let v = j - -10940. Is v a composite number?
True
Suppose 5*w = -a + 40153 + 4990, 3*a - 4*w - 135429 = 0. Is a prime?
False
Let s = 234 - -2859. Is s a composite number?
True
Let p(k) = 5*k**3 - k**2 + 9*k + 13. Is p(6) prime?
False
Suppose 7*t - r = 2*t + 2319, -5*t - 2*r + 2322 = 0. Let p = t - 201. Let y = 516 - p. Is y a composite number?
True
Suppose 2*s + 1755 = 5939. Suppose -2070 = -2*t + s. Is t a prime number?
True
Suppose 3*x - 5*c = -4*c + 58, 5*c - 30 = -x. Let z = x - 8. Is 1425/z + (-1)/(-4) a composite number?
True
Let z be -3 - ((-4)/2 - (0 + 1)). Suppose -5*j = 2*x - 13931, z*j - 13940 = -5*j - 5*x. Is j prime?
False
Suppose -4*s + 2*g = -69068, -4*s - 4*g = -g - 69088. Is s a composite number?
True
Let m(t) be the second derivative of 2*t**3/3 + 15*t**2/2 - 16*t. Is m(17) a prime number?
True
Suppose -124 = 5*t + 2*l, 2*t = -5*l - 28 - 30. Let h be 1/1 - t/6. Let q = h - -2. Is q a composite number?
False
Let r = 4 - 3. Let z = r - -5. Suppose v + 475 = z*v. Is v prime?
False
Let s(p) = -p**2 - 18*p - 29. Let o be s(-16). Is (-18)/12*(-586)/o composite?
False
Let o(d) = d**3 + 3*d + 2 - 41*d**2 + 35*d**2 + 0. Let l be o(5). Is 2/(-2) - (l - 50) a composite number?
True
Let k = -321 - -631. Let i = k + 681. Is i a composite number?
False
Let i = -5920 - -8499. Is i a prime number?
True
Let m(s) = 29*s + 15. Suppose -a + 46 = 30. Is m(a) a composite number?
False
Is 2294/(-31)*1/((-4)/26) prime?
False
Is 93174/4*(-86)/(-129) a composite number?
True
Let s = 15 + -16. Let r be (3 + s)/((-2)/599). Let t = -306 - r. Is t composite?
False
Let v = 10514 + -4143. Is v composite?
True
Suppose -6*h - 1065 + 7731 = 0. Is h prime?
False
Let a(r) = 82*r**2 + 10*r + 11. Is a(-2) a composite number?
True
Suppose -d = -0*d + 2*z - 20349, -z - 40678 = -2*d. Is d a prime number?
True
Suppose 0 = 2*b - d - 180, -3*b - d + 172 = -88. Suppose c - 699 = b. Is c composite?
False
Suppose 24*r + 6*r = 212070. Is r a composite number?
False
Let v(h) = h**2 - 8*h. Let q be v(8). Let x be (q - -5) + 6/(-3). Suppose -x*c + 1901 = -4*p, 5*c = -5*p - 1155 + 4300. Is c a composite number?
False
Is ((-2518)/6)/(20/(-660)) a composite number?
True
Suppose -5*s + 3*x = -51086, s - 3*x - 5777 = 4433. Is s a prime number?
False
Suppose -b - 8080 = -2*q, -5*b + 12107 = -20*q + 23*q. Is q composite?
True
Suppose q + 76 = -s, 2*s - 7*s = q + 392. Let d(y) = -56*y + 468. Let o be d(6). Let v = o + s. Is v prime?
True
Let v be ((2/4)/(-1))/((-13)/52). Suppose -3*d - 4*a = -v*d - 361, -2*d = -2*a - 762. Is d a composite number?
True
Suppose 5*k + 8868 - 85179 = 3*x, -x - 45785 = -3*k. Is k prime?
False
Let i(u) = -4*u**3 + 2*u**2 - 2*u + 1. Let s be i(1). Let f(x) = 60 - 2*x**3 - 65 - 3*x**2 + x - 2*x. Is f(s) prime?
False
Suppose -4*k + 12 = -9*k + 4*i, 3*i = -k - 10. Is 2/((-4)/k) + 33 prime?
False
Is ((-3)/(-9))/(35/867615) a composite number?
False
Let f(c) = -53*c - 1 + 31*c - 128*c. Is f(-1) composite?
False
Let i = -6925 - -19298. Is i a composite number?
False
Let z be (2 - (-10)/(-4))*-12. Let f(b) = 10*b**2 - 2*b + 9 - 6 - z. Is f(-3) prime?
False
Let b(t) = 162*t**2 + 27*t - 147. Is b(-22) composite?
True
Let v(i) = i**2 - 16*i + 20. Let x be v(14). Is (-89)/2*-12 - x/(-8) a prime number?
False
Suppose -18977 = -5*v - 3*i, 5*i = -5*v + 2693 + 16292. Is v composite?
False
Let v(m) = -3*m - 20. Let z be v(-8). Suppose -x = 4*y - z, -y + 3 - 2 = -3*x. Is 182 - (-1 + y - -3) composite?
False
Is (1/(-2))/(30/(-4020)) prime?
True
Suppose 5*f = -2*i - 3, -5*i = 4*f - 16 - 2. Suppose -i*t - 39 = -7*t. Let c = t + -2. Is c prime?
True
Let k be (-3 - -3)*(-4)/8. Suppose 156 = 2*j - 3*y + 2*y, 4*y - 8 = k. Is j a composite number?
False
Suppose 4*u - 28 = 2*h, -5*h - 25 - 5 = -2*u. Suppose 3*t = u*i + 2743 + 2467, -3473 = -2*t + 3*i. Is t composite?
True
Is 15256/6 - (11 + (-170)/15) composite?
False
Let z(m) = -m**3 - 8*m**2 - 10*m - 18. Let p be z(-7). Let w = -1 - -6. Suppose 0 = 5*b + p*o - 1250, 5*o + 76 = -w*b + 1336. Is b a prime number?
False
Suppose 13*y - 1480 = 40783. Is y a composite number?
False
Let t(z) = -3*z**2 + 2*z - 7. Let o(n) = -7*n**2 + 4*n - 14. Let j(v) = 2*o(v) - 5*t(v). Suppose 0*a - 4*a + 20 = 0. Is j(a) a composite number?
True
Suppose -5*o = 4*v - 10567, 0 = 2*o - v - 4*v - 4207. Is o a composite number?
False
Suppose -3*z - 60 = 2*z. Let o = 16 + z. Suppose 5*q = -s - 2*s + 641, -o*q + 504 = -2*s. Is q a composite number?
False
Suppose 0 = 9*a - 52*a + 175913. Is a prime?
True
Let m = -336 - -855. Is m a prime number?
False
Suppose 106209 = 19*x - 10*x. Is x composite?
False
Suppose 4*q + 4*i + 10 = 2*q, 25 = -5*i. Suppose 0 = 5*t + q*u - 935, 9*u + 16 = 5*u. Is t a composite number?
False
Let j = -67 - 128. Let k = j - -488. Is k a composite number?
False
Let v(x) = -4264*x - 97. Is v(-3) a prime number?
False
Suppose -10*p = -4*p - 16878. Is p a composite number?
True
Let l(h) = h - 5. Let v be l(10). Suppose 7*q = v*q. Suppose -2*g + 62 = -q*g + 4*s, 0 = 3*g + s - 93. Is g a prime number?
True
Let r(t) = 14*t**3 + 27*t**2 - 47*t - 33. Let b(p) = 5*p**3 + 9*p**2 - 16*p - 11. Let x(m) = 8*b(m) - 3*r(m). Is x(-8) prime?
False
Suppose 0 = 26*a - 23*a - 24. Suppose 5*n = a*n - 393. Is n a prime number?
True
Let p be 397/(3/(-24)*-4). Let v = p + -375. Is v a composite number?
False
Let o be (2 - 3)/((-2)/(4/(-2))). Is (1821 - 7)/(2 - (1 + o)) prime?
True
Suppose -6*x + 13 = -3*x - 5*s, 2*s = 2*x - 14. Suppose 3*l = -12, 2*l + x = -0*m + m. Suppose 3*t - 3*z = 266 + 175, -m*z - 731 = -5*t. Is t composite?
True
Let b = 8242 - 203. Is b composite?
False
Let o be ((-5208)/10 + 2/(-10))/(-1). Is ((-4 + 7)*2)/(2/o) composite?
True
Let d(v) = -12*v**3 + 3*v**2 - 11*v + 5. Let r be d(-5). Suppose 0 = -0*x + 5*x - 5*z - r, 2*z = 8. Is x a prime number?
True
Let y(m) = 20*m - 1. Suppose -52 = -3*w - w. Is y(w) a prime number?
False
Let j(a) = a**3 + 19*a**2 + 30*a - 20. Let n be j(-11). Suppose 2*z - n = -3*s + 5*z, 3 = z. Is s prime?
False
Let q = -8 + 12. Let w be (-8)/q - (-53)/1. Suppose -w + 204 = 3*j. Is j a composite number?
True
Let y(d) = -d**3 - 80*d**2 - 222*d - 109. Is y(-78) composite?
False
Let q be ((-5)/3)/(6/(-72)). Suppose -t + 5*n = 4*t - 40, 4*n = -q. Suppose t*x - a - 99 = 205, -5*x = -4*a - 495. Is x a composite number?
False
Suppose -4*q + 3*v = -17491, 3*q - q + 4*v - 8718 = 0. Is q composite?
True
Suppose -p = -6*p + 2*y - 1241, 0 = 4*p + 5*y + 973. Let r = p + 449. Is r a prime number?
False
Suppose 4*y - 169 = -1021. Let z = -136 - y. Is z a composite number?
True
Let n = -4756 + 7535. Is n composite?
True
Suppose j + 11 